ppose 0 = w - 26 - 49. Suppose 2*q + 33 = w. Is -2 - 0 - (-502 - q) a prime number?
True
Is (-503504)/112*((2 - 0) + -9) a composite number?
False
Suppose -8*g - 8762749 = -56*g - 23*g. Is g a composite number?
False
Let f = -3 - -30. Let s = f - 27. Suppose -x - 4*o = -771, -x - 2*o = -s*x - 775. Is x a prime number?
False
Suppose 32962 = 3*l - 26831. Is l a composite number?
True
Let d be (466/5 - 2)/((-20)/(-1150)). Is (77/35 - 2)*(d + 1) a composite number?
False
Suppose 4*z - 182 = -5*c, c = -3*c - 5*z + 151. Let a = c + -40. Is 5019/a*(-8)/4 a prime number?
False
Let j(r) = -1. Let i(s) = -170*s + 71. Let f(l) = i(l) + 6*j(l). Is f(-16) composite?
True
Suppose 2*c - 14 = -3*x, -4*x - c = 7 - 24. Suppose 2*z = x*q - 13650, -z + 3*z = 10. Is q a composite number?
True
Let f(n) = 68*n**3 + 5*n**2 - 4*n + 5. Let v = -107 + 111. Is f(v) composite?
False
Suppose -c + 6*n = 3*n - 5, -12 = -2*c + 4*n. Is 71964/c + 3 - (-21)/(-14) composite?
True
Let d = -14 + 17. Suppose -2*t + 17790 = 4*f, d*t - 14698 = 2*f + 11955. Is t a composite number?
False
Let r be -3 + -12 + (-6 - (4 + -5)). Let j(d) = -4*d**3 - 16*d**2 + 40*d - 7. Is j(r) a prime number?
True
Suppose -3*i + 2 = -1. Suppose 0 = -5*g + i + 14. Is (2/g)/(20/6510) prime?
False
Let s = -412 - -416. Is (-5 + s)/(1/15234*-2) composite?
True
Let x(b) = 264*b - 93. Let z(y) = -1055*y + 369. Let i(j) = -9*x(j) - 2*z(j). Is i(-4) a composite number?
False
Suppose 5*j - 5 + 10 = -5*m, -5*m = 4*j. Suppose -4*u = -49*l + 52*l - 17005, 0 = -m*u - 8. Is l a prime number?
False
Suppose 146*i - 181690469 = -45*i. Is i composite?
False
Let d = -36 + 40. Suppose 10 = -d*o + 30. Suppose 0 = -4*n - 2*m + 364, 0 = 3*n - 5*n - o*m + 198. Is n composite?
False
Let v be ((-2864)/(-4) - 4)*(-1)/(-2). Let c = v - 223. Is c composite?
True
Suppose -37*f - 5363554 = -83*f. Is f a composite number?
True
Suppose -34*g - 39*g - 3859674 = -255*g. Is g a prime number?
False
Let u(d) = 2*d**2 - 3*d**2 + d**3 - 5*d**2 - 8*d - 6 - 2*d**2. Let v be u(13). Let s = -148 + v. Is s composite?
False
Let f(n) be the third derivative of 35*n**4/6 - 11*n**3/3 + 131*n**2. Is f(6) prime?
False
Suppose -2*n + 3*q + 31626 = 5*q, -5*n = -3*q - 79097. Is n a prime number?
True
Let i(x) = -221239*x + 412. Is i(-3) a prime number?
False
Let v(x) = 11*x**2 + 5 + 3*x**2 - 8*x - 3*x**2 - 5*x**2. Is v(-4) composite?
True
Let p(c) = 107*c + 64. Let r(x) = -x**3 - 12*x**2 + 13*x + 16. Let y be r(-13). Let z be p(y). Let s = z - 907. Is s a prime number?
False
Let y be (-2)/(-3) + 248/6. Let o be (-48)/(-10)*7*(-10)/(-3). Suppose -2*l + o = -y. Is l prime?
False
Suppose -2*f - 414 = -4*k, 3*f + 201 + 424 = 5*k. Let v = f - -392. Suppose 3365 - v = 4*b. Is b a prime number?
True
Let b(n) = 14425*n + 1632. Is b(49) composite?
False
Let o = 279 + -258. Is -7 + 0 + 354438/o composite?
False
Let w be (-6*10/15)/(-2). Suppose -5*y - w*k + 20218 = -8746, -5*k - 11603 = -2*y. Is y a prime number?
False
Let x be -2*(-5)/(-20)*-18. Suppose 119 = -8*a + x*a. Let l = a + 462. Is l a composite number?
True
Suppose 0 = -44*t + 26*t - 71711 + 223253. Is t a composite number?
False
Let a(s) = -24*s**2 - 12*s + 4. Let w be a(-4). Let y = w - -541. Is y a prime number?
False
Suppose 9*n - 23 + 95 = 0. Let r be 0*(36/n)/(-9). Let x = 179 + r. Is x a prime number?
True
Let u(r) = 10999*r**2 - 48*r - 188. Is u(-5) prime?
True
Let f(i) = 3*i**2 - 29*i - 1. Let p be f(10). Suppose 5*b = 4*m - p*m + 4440, 3*m - 4442 = -5*b. Is b a prime number?
False
Suppose -758 = -2*s - 4*a, -2*a - 1610 = -5*s + 297. Let g = 580 + -580. Suppose -3*m = -g*m - s. Is m composite?
False
Suppose -42789 - 1884960 = -51*d. Is d a composite number?
False
Let p(h) = 29*h + 2064. Is p(-67) a prime number?
False
Let i(h) be the first derivative of -2*h**2 + 2321*h - 48. Is i(0) a prime number?
False
Let s = -51145 + 172284. Is s a composite number?
False
Suppose -110323 = -3*f - 2*h, f + 3*h + 147086 = 5*f. Is f composite?
True
Let g = -291 - -86554. Is g composite?
False
Suppose 16*s - 12 = 15*s. Let u be (4/((-8)/3))/(s/(-24)). Suppose -u*a = n - 494, -a = 2*n + n - 178. Is a composite?
False
Suppose -5*k + 167 + 104 = -4*y, -180 = 3*y + 4*k. Let v = y + 64. Suppose v = 2*n - 97 - 45. Is n a prime number?
True
Suppose -4*n + 4*a + 166884 = 0, 5*n - 18*a = -21*a + 208589. Is n a prime number?
True
Let l = -4171 + 13. Let n = l + 1256. Let q = 5121 + n. Is q prime?
False
Let o be (-48)/(-22) + 34/(-187). Suppose -3*u + 20 = o*u, 2*k + u - 2082 = 0. Is k a prime number?
True
Let x(r) = -36*r - 1. Let f be -3 + 3 + -3 + 3. Suppose 0 = 4*t - 3*g + 11, -5*t - 2*g - 8 = -f*g. Is x(t) prime?
True
Let p(q) = 5*q - 145. Let n be p(27). Is (48/20)/4 - 36454/n prime?
False
Is (-4 - 1029144/28)/(90/(-315)) a composite number?
False
Suppose -3*n = 6, -5*r + n + 2401 = -2691. Suppose 4*b + 3*g = -24, -39*b + 2*g = -35*b + 44. Let y = r + b. Is y a composite number?
False
Is (960508/(-2))/(5*24/(-60)) prime?
False
Suppose 0 = 3*g + 2*b - 172451, -4*b - 229968 = 25*g - 29*g. Is g composite?
False
Is (-15)/(165/(-77462)) - (3 + 0) composite?
False
Let m be (-6 + (-808)/(-24))*393. Let t = m + -7040. Is t a composite number?
False
Let n be 3/15 - ((-72)/15 + 2). Suppose n*q - q - 9858 = -2*v, 4 = 2*v. Is q composite?
True
Let k(n) = 1890*n**2 + 104*n + 965. Is k(-8) a prime number?
False
Let j be 2/(3/(-21) - 51/(-63)). Suppose -7*n + 4*n = -15, -12502 = -l + j*n. Is l prime?
True
Is 300414*(-8)/192*8/(-2) composite?
False
Let r = 487536 - 295175. Is r a prime number?
False
Suppose 147*w - 171427756 = -25*w. Is w a composite number?
True
Let t = 181751 + 362. Is t a composite number?
True
Let s(t) be the second derivative of t**4/12 + 7*t**3/6 - 2*t**2 + 7*t. Let c be s(-7). Is ((-83)/(-3))/(3/((-108)/c)) a composite number?
True
Suppose 6016191 = -4*n - 106*n + 36777581. Is n prime?
True
Let m(v) = -v**3 + 4*v**2 + 13*v - 9. Let b be m(6). Let l be (-4)/(-10)*(b - -13). Is 1249*(l/12 + (-6)/(-9)) a composite number?
False
Let m be 20/6*(-6)/(-10)*-5. Is 391/(5/(m/(-2))) prime?
False
Let z(v) = -67*v**2 + 25*v + 18. Let m be z(-16). Let y = -8873 - m. Is y prime?
False
Let d = 11 - 17. Let n be (18*-1)/(-3) + 3 + d. Suppose n*u = -3, u + 1524 = 5*r + 2*u. Is r a composite number?
True
Let l(m) = 483*m**2 + 9*m - 14. Let z be l(4). Suppose -29*k = -6663 - z. Is k a composite number?
True
Suppose -3918 = -3*h - 4*x, 4*h = -4*x + x + 5224. Suppose h = 3*u - 110. Let c = u + -311. Is c composite?
True
Suppose 78*t - 79*t = 2*b - 1135471, -3*b + 3406401 = 3*t. Is t a composite number?
True
Let d = 223 + -187. Suppose -d*u = -38*u - 5*f + 1522, 0 = 5*u + f - 3805. Is u prime?
True
Let l = 107 + -77. Let r = -26 + l. Suppose r*i + 5638 = 6*i. Is i a prime number?
True
Is (-16 + (-319)/(-22))*16977612/(-18) prime?
True
Let x(m) = 4*m - 40. Let z be x(0). Is z/(-180) - (-66468)/27 a composite number?
True
Let r = 2650 + -1052. Suppose 3*y + i - r - 76 = 0, 3*i = -3*y + 1680. Is y prime?
True
Suppose 20*g - 508217 = 1324643. Is g composite?
True
Let i(f) = -2*f + 16. Let d be i(-6). Suppose d*k - 23*k = 0. Is (k + (-2)/6)/((-4)/11508) a prime number?
False
Let r(k) = -2*k**3 - 14*k**2 + 16*k + 11. Let g be r(-8). Suppose -5*p - q = -17531, -g*q = p - 7*q - 3510. Is p a composite number?
True
Let p = 10292 - -414. Is 17 + p + 0 + 0 a composite number?
False
Is (7/7)/(13/1220843) a prime number?
True
Suppose 2*u = 8*s - 6*s + 33696, -5*u - 5*s = -84170. Is u a composite number?
True
Let n(k) be the first derivative of -3*k**4/2 - k**3/3 - k - 26. Let i be n(-1). Suppose -141 = -s - 3*j + 2*j, -558 = -i*s - j. Is s composite?
False
Suppose 535*h = 5113322 + 25750293. Is h a composite number?
False
Let a(o) = 276*o**2 + 30*o + 30. Let s(r) = 55*r**2 + 6*r + 6. Let m(q) = -2*a(q) + 11*s(q). Is m(-13) prime?
False
Let c(w) = w**2 + 18*w + 48. Let o be c(-15). Suppose -6619 = -o*x + 1280. Is x composite?
False
Suppose -4*d = i - 448639, -21*d + 2*i - 112165 = -22*d. Is d a prime number?
False
Let c(q) = 3*q**3 - 39*q**2 + 123*q - 103. Is c(34) a prime number?
True
Let m = -398 + 424. Let d(n) = n**3 - 22*n**2 - 82*n - 51. Is d(m) a prime number?
True
Let x(p) = p**3 + 3*p**2 - 5*p - 2. Let b be x(-4). Let i be ((-15)/(-4))/